er when g is divided by 16?
13
Suppose 6*y + 27 = 9*y. What is the remainder when y is divided by (-4)/12 - 38/(-6)?
3
Let s(p) = -p**2 - 6*p + 5. Let f = 2 + -7. Calculate the remainder when s(f) is divided by 4.
2
Suppose 4*c = -f + 3, -14 = -5*f - c + 58. Let m(y) = 12*y - 6. What is the remainder when m(4) is divided by f?
12
Let c = -81 + 97. Calculate the remainder when c is divided by 10.
6
Suppose -16 + 7 = -l. What is the remainder when 20 is divided by 3/l - (-32)/3?
9
Let f be 2/(-8) - 175/20. Let t be (-3)/(0 + f/6). Let s = t + 2. What is the remainder when 7 is divided by s?
3
Let v(b) = 3*b - 5. Let f be 9/6*(-4 - -2). Calculate the remainder when f + (-110 - -2)/(-4) is divided by v(6).
11
Suppose u = -4*u. Let n(t) = -t**2 + 19. What is the remainder when n(u) is divided by 7?
5
Let u(q) = -q**3 - 6*q**2 - 7*q - 7. Let g = -12 - -7. What is the remainder when 2/9 + (-368)/(-207) + 6 is divided by u(g)?
2
Suppose 2*d + 239 = -3*w, w + 4*d = 4*w + 215. Calculate the remainder when 1536/22 - 14/w is divided by 18.
16
Suppose 3*g = g. Let a(i) = i - 32. Let o(p) = -p + 33. Let c(n) = -7*a(n) - 6*o(n). Calculate the remainder when c(g) is divided by 9.
8
Let n(r) = 10*r**2 - 2. Let z be n(-2). Suppose 0 = g - 2*g + z. Calculate the remainder when g is divided by 13.
12
Suppose 0 = -4*z - 4*a + 88, 0 = -2*z + 3*a - a + 56. Calculate the remainder when z is divided by 4.
1
Let k = 0 + 14. Suppose 5*x - k - 6 = 0. Calculate the remainder when 21 is divided by (-66)/4*x/(-6).
10
Suppose 0 = 5*b - k - 838, -4*b + 2*k + 79 + 589 = 0. Suppose 5*w + 3*c - 50 = 160, 5*c = 4*w - b. Calculate the remainder when w is divided by 22.
20
Suppose 0 = 4*x - 310 + 58. Let m(i) = -3*i + 1. Calculate the remainder when x is divided by m(-5).
15
Let h = 113 + -84. Calculate the remainder when h is divided by 10.
9
Let b(y) = -11*y - 4 + 0 + 4*y + 1. What is the remainder when 48 is divided by b(-4)?
23
Calculate the remainder when 31 is divided by (-4)/6 + (-187)/(-33).
1
Let s be 188/20 + (-2)/5. Suppose 2*f = 5*f + s. Calculate the remainder when 3 is divided by (1/f)/((-3)/27).
0
What is the remainder when 37 is divided by 3/(-3) + (-84)/(-8)*2?
17
Let q = 14 + 10. Calculate the remainder when 70 is divided by q.
22
Let z(b) = b**3 + b**2 - 7*b - 3. Calculate the remainder when 107 is divided by z(3).
11
Let x(p) be the first derivative of p**3/3 - 2*p**2 + 1. Let c = -35 - -40. What is the remainder when 8 is divided by x(c)?
3
Let o(f) = f**3 - 2*f**2 - 8*f. Calculate the remainder when o(5) is divided by 13.
9
Let x(h) = -h**2 + h + 2. Let w be (0 + 0/3)/(-2). Suppose -2*f - 1 + 5 = 0. What is the remainder when x(w) is divided by f?
0
Suppose -5*w + 49 + 51 = 0. What is the remainder when 38 is divided by w?
18
Suppose -5 = -h, 2*b - 6*h + 1 = -h. Suppose -i - 3*i = -20. Suppose i*v - 3*v = 68. What is the remainder when v is divided by b?
10
Let m be 95/(-35) + (-2)/7. What is the remainder when (-1230)/(-21) + m/(-7) is divided by 12?
11
What is the remainder when 115 is divided by (-231)/(-7) + -1*4?
28
Let u(w) = 2*w + 20. Calculate the remainder when u(-4) is divided by 5.
2
Let f(j) = -j**3 - 6*j**2 - 6*j - 3. What is the remainder when 131 is divided by f(-6)?
32
Let n = -11 - -21. Calculate the remainder when 4/n - 193/(-5) is divided by 14.
11
Let m(o) = o**3 + 12*o**2 - 4*o - 22. What is the remainder when m(-10) is divided by 44?
42
Calculate the remainder when 19 is divided by -2 - (-10 - -1) - -4.
8
Suppose 2*a + 2 = 0, -4*a - 59 = -4*f + 41. Suppose -f = -0*q - q + 5*z, -2*z = 5*q - 147. Calculate the remainder when q is divided by 10.
9
Let j = 21 - 19. Suppose -3 = 3*s, 4*x + 0*x = -j*s + 150. What is the remainder when x is divided by 20?
18
Suppose 4*o - 15 = 13. Calculate the remainder when 27 is divided by o.
6
Suppose 46*q - 54*q = -368. Calculate the remainder when q is divided by 18.
10
Suppose -14 = -m - 2*y, 7*m - 52 = 4*m + 4*y. Calculate the remainder when 63 is divided by m.
15
Suppose -11*w + 6*w = -35. Suppose 137 = -4*s + 6*c - c, 5*c + 3 = -s. Calculate the remainder when (-568)/s - 2/7 is divided by w.
6
Let p(o) = -o**2 - 10*o + 20. Calculate the remainder when (-6)/(-4)*(-232)/(-6) is divided by p(-10).
18
Let b(v) = -4*v - 10. Let y be b(-8). Suppose 1 = a + 3*z, 5*a - 3*a = 4*z + y. Calculate the remainder when 13 is divided by a.
6
Let y(x) = 4*x**2 + 3*x. Let d be y(3). Suppose -2*n = -d - 19. What is the remainder when n is divided by 17?
15
Suppose 0 = -2*m + 4*x - 0*x + 8, 0 = -3*x + 15. Calculate the remainder when 54 is divided by m.
12
Let l(q) = -2*q**2 - q - q**3 + 2*q**2 + 17. Let r be l(0). Let o = 32 - r. Calculate the remainder when 29 is divided by o.
14
Let n(m) be the second derivative of 5*m**3/6 + 2*m. What is the remainder when n(1) is divided by ((-8)/10)/((-10)/50)?
1
Suppose 0 + 1 = r. What is the remainder when (10/15)/(4/6) is divided by r?
0
Suppose 4*n + 73 = 589. What is the remainder when n is divided by 22?
19
Let w(u) = u**2 + 11*u - 16. What is the remainder when 29 is divided by w(-13)?
9
Suppose -5*y - 2*d + 51 = 0, -3*d = 3*y - 22 - 14. What is the remainder when 15*(-1 - -2 - 0) is divided by y?
6
Let m be 1 - (3 + -2)/(-1). Let r = m - -1. Suppose 5*l + 11 - 46 = 0. What is the remainder when l is divided by r?
1
Let g(q) = 5*q. What is the remainder when 32 is divided by g(1)?
2
Let y(o) = o**2 - 5*o - 4. What is the remainder when y(6) is divided by (2 - (-9)/(-6))*4?
0
Let g(b) = 13*b - 7. What is the remainder when g(5) is divided by 9?
4
Let w(i) = 19*i + 4. Let g(b) = 20*b + 4. Let v(m) = 5*g(m) - 6*w(m). What is the remainder when v(-5) is divided by 23?
20
Let w = 21 - 5. Let u = 1 + -2. What is the remainder when w is divided by (18/(-15))/(u/5)?
4
Let i = 14 + 0. Calculate the remainder when (0 + 2/3)*60 is divided by i.
12
Let y(a) = a**2 - a - 4. What is the remainder when y(7) is divided by 10?
8
Let n = 9 - 7. What is the remainder when 34 is divided by (n/(-3))/(6/(-108))?
10
What is the remainder when 34 is divided by -5*(-5)/25*21?
13
Let z = -16 + 34. Suppose 91 = 2*o + 23. What is the remainder when o is divided by z?
16
Let w(r) = 7*r - 1. Let l be w(6). Let k = 28 - l. Calculate the remainder when 40 is divided by 1 - 1 - (k - 1).
12
Suppose -2*k + 24 = 2*k. Calculate the remainder when 15 is divided by k.
3
Let g(m) = -31*m**3 - 1. Suppose -3*h + 2*h = -5*v + 22, 17 = 4*h + v. Suppose 0*i = h*i + 3. What is the remainder when g(i) is divided by 16?
14
Let v(y) = 2*y**3 - y**2 - y - 1. Let o be v(-1). Let a = -9 - o. Let m = 19 + a. Calculate the remainder when 38 is divided by m.
12
Let c be (-1 - -4) + 4 + -10. Calculate the remainder when 11 is divided by 6 + 0 + (-3)/c.
4
Let z = 71 - 42. What is the remainder when 86 is divided by z?
28
Suppose -4*a = 3*t - 57, -3*t - 2*a = -t - 38. Let k = t + -9. What is the remainder when k is divided by 4?
2
Suppose 0 = -4*b - 4*i + 39 + 17, 5*b - 3*i - 54 = 0. Let d = 26 - 54. Let y = 7 - d. What is the remainder when y is divided by b?
11
Suppose -2*r - 10 = 0, 5*r = 2*o - 59 + 2. What is the remainder when 31 is divided by o?
15
Suppose 0 = -g + c + 12, 0 = g + 5*c - 2*c - 28. What is the remainder when 61 is divided by g?
13
Let w = 8 + -24. Let q = w - -22. Suppose -4*o + q*o = -4*c, -5*o = 4*c - 18. What is the remainder when 16 is divided by o?
4
Let p(o) = o**3 + 17*o**2 + 17*o + 20. Calculate the remainder when 17 is divided by p(-16).
1
Suppose 4*h + 145 = 9*h. Suppose 5*y + 2*q = 140, -4*q + 29 = 4*y - 71. Suppose 0*o + y = 2*o. Calculate the remainder when h is divided by o.
14
Suppose -45 + 11 = -2*q. Let y = 137 + -87. Calculate the remainder when y is divided by q.
16
Let n(q) = -3*q. Calculate the remainder when n(-10) is divided by 9.
3
Suppose -3*s = s - 80. Let z(v) = -v**2 + v + 7. What is the remainder when s is divided by z(0)?
6
Let r = -26 - -9. Let d = 25 + r. What is the remainder when 55 is divided by (-42)/d*(-8)/3?
13
Let o(v) = -v**2 - 10*v + 15. Let j be o(-11). Let x(s) = 3 + s + 0 + 1 + 1. What is the remainder when x(j) is divided by 3?
0
Let f(z) = -z**3 - 16*z**2 - 2*z - 24. Calculate the remainder when 30 is divided by f(-16).
6
Suppose 8 = 2*s + 2*s. Let x(l) = 5*l - 